2 = s, u - 14 = 4*s. Suppose -u = -5*f + 55. What is the highest common factor of 143 and f?
13
Suppose n = 5*n + 100. Let u = 31 + n. Calculate the highest common divisor of u and 42.
6
Let m be (-92)/(-20) - 6/10. Suppose 5*q - 13 = -5*x + 32, m*x + 2*q = 42. What is the greatest common divisor of x and 12?
12
Suppose -4*a - 35 = 3*b, 3*b + 4 = 5*a - 13. Let f = b - -4. Let w = 49 + f. Calculate the highest common divisor of 4 and w.
4
Let v be (0 + -3)*3/9. Let j(a) = -9*a - 1. Let h be j(v). Calculate the greatest common divisor of h and 16.
8
Let j = -78 - -127. Suppose -172 = -3*c + 4*p - 6*p, -p = -c + j. What is the greatest common divisor of c and 6?
6
Let f be (3 + -4 - -8) + 3. Calculate the greatest common factor of f and 90.
10
Let t(c) = -c**2 - 2*c - 2. Let q be t(-4). Let p be 108/15 + 2/q. Suppose 4*i - 62 = 5*b, 3*b - 1 = -p. What is the greatest common divisor of 13 and i?
13
Let o(z) = 8*z**2 + 3*z - 1. Let u be o(5). Suppose 2*a - u = -74. What is the highest common factor of a and 7?
7
Let j be 10/(-4)*14*-1. Suppose 4*s - j = -3. Calculate the highest common divisor of 8 and s.
8
Let c = -15 - -26. What is the highest common divisor of c and 33?
11
Let w(r) = -r**3 + 11*r**2 + 4. Let n be w(11). Calculate the highest common factor of n and 4.
4
Let o(t) = 3*t + 2*t**2 + 13*t + 0 - 2*t + 10. Let z = 10 - 20. Let l be o(z). What is the greatest common factor of l and 10?
10
Suppose -6*i = -4*i - 52. Suppose -a = -4, -p - 5*a + 15 + i = 0. Let m(n) = -n + 1. Let g be m(-2). Calculate the highest common factor of p and g.
3
Let h = -28 - -56. Calculate the highest common factor of 196 and h.
28
Suppose -5*m - 745 = -5*k, -k + 752 = 4*k + 2*m. What is the greatest common factor of 30 and k?
30
Suppose 0 = -4*o - 48 + 128. Let l be (-1)/3 - 129/(-9). Let a = o - l. What is the greatest common divisor of a and 6?
6
Let s(v) = v**2 - 4*v - 7. Let g(d) = -6*d**3 + d**2 - d - 1. Let b be g(-1). Let k be s(b). What is the greatest common divisor of 2 and k?
2
Let v(k) = -k**2 - k + 2. Let u be v(-3). Let q be (6/u)/(-3)*0. Let m = 6 + q. What is the highest common factor of m and 6?
6
Let m = 86 - 26. What is the greatest common factor of m and 20?
20
Let h = 165 + -113. Suppose 56 = 3*t + u, -22 - h = -4*t - u. Let v be 10/45 - (-403)/9. What is the greatest common divisor of t and v?
9
Suppose -6*u - 5*t + 128 = -2*u, -u - 4*t = -43. What is the highest common factor of 216 and u?
27
Let p(w) be the first derivative of 2 + 3*w + 5/2*w**2. Let x be p(3). What is the highest common divisor of 2 and x?
2
Suppose 5*m + 3*c - 34 + 3 = 0, 4*m - 22 = -c. Suppose m = -y + 6. What is the greatest common divisor of y and 11?
1
Let y = 256 - 130. What is the highest common factor of y and 14?
14
Let v be -15*(-5)/(30/14). Calculate the greatest common divisor of v and 7.
7
Suppose 5*n - 30 = 4*n. Let a = 54 - n. What is the greatest common factor of a and 3?
3
Let i(a) = -10*a - 2. Let s be (1 + -2)/(2/2). Let f(g) = 5*g**3 + g + 1. Let d be f(s). Let h be i(d). Calculate the greatest common factor of h and 32.
16
Suppose -16 = -m - 0*m. What is the highest common divisor of 56 and m?
8
Let i(t) = 4*t**2 - 4*t - 6. Let l be i(5). What is the greatest common divisor of 37 and l?
37
Suppose 0 = -2*w - 3*y + 1, -w - 10 = 7*y - 2*y. Suppose q + 5*f = 29, w*q - 58 - 9 = f. Calculate the highest common factor of q and 98.
14
Suppose m = p + p + 58, -m + p + 53 = 0. Let b be 168/35*10/3. What is the highest common factor of b and m?
16
Suppose 3*h + 66 = o - h, 0 = -3*o - 2*h + 240. What is the highest common divisor of o and 104?
26
Let f(d) = 2*d + 14. Let r be f(-2). Calculate the greatest common divisor of r and 50.
10
Suppose 3*s + 2*s - 35 = 0. Let m(p) = p + 9. Let g be m(-8). Calculate the highest common divisor of s and g.
1
Suppose -2*s + 52 = 2*s. Let p be (s/4 - 2)*12. Suppose q - 5 = p. Calculate the greatest common divisor of 8 and q.
4
Suppose -3*u + 110 - 5 = 0. Let z = 4 + 10. Calculate the highest common divisor of z and u.
7
Suppose 5*v = -2 + 92. Calculate the greatest common divisor of v and 6.
6
Suppose -o - 2*x = -28, 2*o - 25 = 5*x + 40. Calculate the highest common factor of 20 and o.
10
Let w(q) = -q**3 - 15*q**2 + q + 18. Let h be w(-15). Suppose c + 0*c - 4 = 0, -4*c = h*f - 22. What is the greatest common divisor of 14 and f?
2
Suppose -64 = -3*k - 4. What is the highest common factor of 80 and k?
20
Suppose 2 + 4 = -3*q, 4*q = 2*b - 48. Suppose x - 2*x = -10. Calculate the greatest common factor of b and x.
10
Let u = -47 + 82. Suppose v - 5 = 9. Calculate the highest common factor of v and u.
7
Let x be -12*(0 + 4/(-6)). Suppose -h = h - x. Let q be 26/h - (-3)/6. What is the highest common divisor of 14 and q?
7
Let x = -18 + 32. Calculate the highest common factor of x and 7.
7
Suppose 0*y - 105 = -4*o - 3*y, 75 = 3*o + y. What is the highest common factor of 96 and o?
24
Let r(z) = -z**3 - 5*z**2 + 4. Suppose p + 6 = 1. Let i be r(p). Let a be 2/(-8) - (-51)/12. What is the greatest common factor of a and i?
4
Let x = -22 - -26. Calculate the greatest common divisor of x and 12.
4
Let r be -2*(-178)/(-12)*3. Let j = r + 125. What is the highest common factor of 4 and j?
4
Let a be 34/6 - 14/21. Suppose -5*u + a*m = -745, 2*u + 3*m = 93 + 230. What is the highest common factor of u and 14?
14
Suppose 3*f - 4*o - 324 = 0, o - 215 = -2*f + 4*o. Calculate the greatest common divisor of f and 16.
16
Suppose v + 3 = 6. Suppose 5*t = v*x + 39, -9 - 56 = 5*x + 5*t. Let y = -7 - x. Calculate the highest common factor of 18 and y.
6
Let t(a) = 12*a - 4. Let u be t(4). Suppose 2*h + 2*s - 10 = 5*s, -4 = -s. What is the greatest common factor of u and h?
11
Let q = 5 - -5. Let b(h) = -h - 3. Let p be b(-9). Let v be (18/12)/(p/80). What is the highest common factor of v and q?
10
Let k be (-2)/7 - 8/(-28). Suppose y + 0*y + g - 2 = k, 5*g + 32 = 2*y. Suppose y*w - w = 15. What is the highest common divisor of 24 and w?
3
Let c(f) = -f**3 - 13*f**2 - 10*f - 15. Let x be c(-13). Calculate the greatest common factor of x and 46.
23
Let g(t) = -t. Let y be g(-5). Suppose 0 = -y*o - 2*n + 49, n = 2*o + 3*n - 22. What is the greatest common factor of o and 1?
1
Let p(r) = -r**3 + 4*r**2 - 4. Let w be p(4). Let h(g) = -g**3 - 3*g**2 + g + 9. Let j be h(w). What is the highest common divisor of j and 14?
7
Suppose 4*z + 22 = 5*a, 3*z + a + 4 + 3 = 0. Let i be (-40)/12 + 2/z. Let m be (-26)/i + 3/(-6). What is the highest common divisor of 6 and m?
6
Suppose -s - 46 = -4*b + 2*s, 5*s = 4*b - 50. Calculate the highest common divisor of 110 and b.
10
Let q(z) = 8*z**3 + 2*z**2 - 3*z - 7. Let k be q(4). Suppose 5*l - c - 662 = c, -k = -4*l - 3*c. Let d = 12 + 0. What is the highest common factor of d and l?
12
Let d = 189 + -101. Suppose 4*x + 2*r - 36 = 0, 4*x + r - 43 = -9. What is the highest common divisor of x and d?
8
Suppose 0 = -4*i - y + 151, -4*y - 191 = -5*i + 24. Calculate the greatest common factor of 39 and i.
39
Let s = -9 - -14. Suppose -70 = -s*x + 35. Let i be 166/4 + (-3)/(-6). What is the highest common divisor of x and i?
21
Let q = 23 + 50. Let w = -46 + q. What is the greatest common divisor of 18 and w?
9
Let a(b) = -b + 9. Let z be a(0). Calculate the greatest common divisor of 1 and z.
1
Let f(b) = b**2 - 10. Let z be f(5). Suppose 4*a + 720 = 8*a. Suppose -a = -2*s + 150. What is the greatest common divisor of s and z?
15
Let r = 7 - 3. Suppose -3*h + 29 = 3*v + v, 3*v + r*h - 27 = 0. Suppose 0 = -5*o + 4*z + 279, -63*z = -61*z + 2. Calculate the highest common factor of v and o.
5
Suppose 5*j - 3*a = -0*j + 1868, -4*j + 5*a + 1497 = 0. Suppose 4*h - 311 = j. Calculate the highest common divisor of 19 and h.
19
Let w be (-1)/(-5) + 42/15. Let t be (-3)/(w/(-1)) + 39. Calculate the greatest common factor of 8 and t.
8
Let t(v) = v - 2. Let h(j) = 1. Let p(z) = 2*h(z) + t(z). Let c be p(3). Calculate the greatest common factor of 1 and c.
1
Suppose -3*j + j = 0. Let y be -20*(j - -3)/(-6). Calculate the greatest common divisor of 50 and y.
10
Let p be 66 + (-3)/(9/6). Let t = -44 + p. What is the greatest common factor of t and 50?
10
Suppose 0 = 5*n - 195 - 105. Calculate the greatest common factor of n and